*i - 29*i - 2*a + 2972833 = 0, 0 = -5*i - 3*a + 2123449. Is i prime?
False
Suppose -29*n + 3201700 - 685573 = 0. Is n a prime number?
False
Let x = -66 + 72. Let j be (-2 - -16 - 1)*(x + 112). Suppose 0 = -5*g - 4*b + 1539, -4*g - g + j = -b. Is g prime?
True
Let v be (-4)/(24/110 + 6/33). Let z(n) = -4*n - 34. Let o be z(v). Suppose -5*m - 23 = -3*w, 0 = w + o*m - 2*m - 19. Is w a prime number?
True
Let r be (2 - (-40 - -1)) + 3. Let d be 1*2/(-12) - 153/54. Is d/9 - r/(-6) a composite number?
False
Let c = 30 - 1. Let n(p) = -c*p + 12*p + 16*p + 138*p**2. Is n(-1) composite?
False
Let l(z) = -z**2 - 4*z + 2. Let m be l(-4). Let p(h) = 14*h - 5. Let g be p(m). Suppose g*v = 21*v + 74. Is v a composite number?
False
Suppose -7644 = -2*z - m - 53392, 0 = -z + 4*m - 22892. Let b = -4639 - z. Is b composite?
True
Let r be -2 + 25/(-15) + 4/6. Let q be (-3)/9 + (-2803)/r. Let d = 2497 - q. Is d composite?
True
Suppose 4*t = -2 - 10. Let s be (1 + t + 5)*21. Let w = s + -28. Is w composite?
True
Let f(t) = -87069*t - 3107. Is f(-4) composite?
True
Suppose 0 = 139*g - 125*g - 78946. Is g a prime number?
True
Let o(w) = 3*w**3 - 1 - 8*w**2 + w**2 + 4*w**2 + 2*w**2 - 6*w. Let h(b) = b + 5. Let t be h(-2). Is o(t) a prime number?
True
Let w(b) = -2*b**3 - 6*b**2 - 13*b - 17. Suppose 0 = -2*m - 27 + 3. Is w(m) prime?
True
Let h(t) = -t**2 + 11. Let o be (1 - 3/(-15))/(4/10). Let f be h(o). Suppose -753 = -3*u + 3*q, 3*u + 3*q - f*q - 761 = 0. Is u a composite number?
True
Let m(u) = u**3 + 84*u**2 - 10*u - 763. Is m(-69) composite?
True
Let m(b) = -2*b**3 - b**2 + 2*b + 2. Let c(l) = -13*l**3 - 23*l**2 + 9*l + 6. Let t(d) = -c(d) + 6*m(d). Let j be ((-5)/4)/(2/8). Is t(j) a prime number?
False
Suppose 2*o - 5388 = -0*o. Let p = o + 901. Suppose 2*r = -3*r + p. Is r a composite number?
False
Let l = 1317023 + -343810. Is l prime?
True
Let h be (15/(-10))/((-1)/(-12)) + 3. Is ((-10)/h)/(4/44634) prime?
False
Let a be (1 + 5/(-10))*2. Is (-1 + (-2)/4)*-394*a prime?
False
Let m(q) = q**3 - 2*q**2 - 4*q + 438. Is m(25) a prime number?
True
Suppose 4*a + 70 = 4974. Let v = a + 833. Is v composite?
True
Let y(p) be the third derivative of 13*p**7/168 - p**6/360 + p**5/120 + p**4/6 + 13*p**2. Let r(x) be the second derivative of y(x). Is r(1) a prime number?
False
Let c = 40 - 28. Suppose c*t = 3*t + 36. Suppose -10828 = -0*r - t*r. Is r a prime number?
True
Is 3 + ((-12684)/(-6))/((-10)/71370*-9) prime?
False
Let j(u) = -2 + 7 + 35*u**2 - 3*u - 3*u**2. Let r be -1 + 7/((-21)/(-9)). Is j(r) composite?
False
Let b(f) = 8*f**3 + 21*f**2 + 20*f + 5. Suppose 3*l + 0*l + 18 = 0. Let x(w) = -7*w**3 - 20*w**2 - 19*w - 5. Let i(t) = l*b(t) - 7*x(t). Is i(-9) prime?
True
Let w(z) = z**3 + 21*z**2 - 71*z - 584. Is w(39) prime?
False
Let p = 54119 + -25450. Is p a prime number?
True
Let o = -6206 + 9238. Suppose -9317 = -5*u - o. Is u composite?
True
Suppose -105*b + 7577507 = -5665828. Is b prime?
True
Let j = 101 - 90. Suppose 2*t - 3*i - 7 = 0, 5*t - 3*i - j = t. Is 3037*-1*(-3 + t) prime?
True
Let f(x) = -8*x - 28. Let h(a) = -5*a**2 + 1. Let s be h(-1). Let y be f(s). Suppose y*o = -0*q + 5*q + 3092, 2*o - 1548 = 2*q. Is o composite?
True
Suppose -702940 - 3786970 = -40*q + 4030530. Is q a prime number?
False
Let n be -1 - (1 - 7) - -4885. Is -28*(n/(-24) - 3) prime?
False
Suppose 2 = -0*k - k, -z + 4*k = 0. Let y be 719*2/(-8)*z. Suppose -9*n = -7*n - y. Is n a composite number?
False
Let m = -156 + 149. Is 1/4 - m/(28/6691) prime?
False
Let t be (-2726)/2 + (5 - 6). Let p = 2927 + t. Let i = p - 952. Is i a prime number?
False
Suppose -9 = -5*t - 9, 0 = 4*a + 5*t - 269396. Is a a composite number?
False
Let a(u) = 1814*u**3 - 6*u**2 - 31*u + 12. Let l be a(8). Is 66/77 - l/(-28) a composite number?
False
Let v(k) = 2*k**2 - 26*k + 5. Let o be v(13). Suppose 4*s - 5*q - 121499 = -17550, 0 = -o*s + 3*q + 129946. Is s/35 + 4/10 a composite number?
False
Suppose -118*r + 21709199 + 6647027 = 0. Is r a prime number?
False
Let n(y) = y + 21*y**2 + 49*y**2 + 4*y - 43. Suppose -8*b - 22*b - 240 = 0. Is n(b) prime?
True
Let d(g) = 1718*g**3 + g**2 + 3. Let z = -340 + 342. Is d(z) prime?
True
Let b(i) = 254*i**2 + 29*i + 576. Is b(-59) a composite number?
True
Suppose -655*u - 3319304 = -663*u. Is u a composite number?
False
Is (-175882 - (-7)/(-1))/(1 + -2) composite?
True
Let h(w) = -41*w - 13. Let s(g) = g**3 - 14*g**2 - 3*g + 18. Let a be s(14). Let z be (a/28)/((-4)/(-28)). Is h(z) a composite number?
False
Suppose 2*u + 3*k + 17 - 9 = 0, -4*u - 4*k = 8. Suppose 2*p + u*n = -p + 3395, -10 = 2*n. Is p prime?
False
Let g(j) = j**2 + 11*j - 24. Let z be g(-13). Let b(u) = -15*u + 19 + 0*u**2 + 6*u + 12*u + 8*u**z. Is b(-6) prime?
False
Let t(f) = -f + 32. Let s(w) = -w + 12. Let c be s(-5). Suppose -c - 13 = -3*r. Is t(r) prime?
False
Let p(s) = s**3 + 8*s**2 - 20*s - 60. Let o be p(-10). Is o/(-210) - (-158182)/14 composite?
False
Suppose 0 = -4*r - 2*x + 14 + 14, 0 = 4*r + 5*x - 40. Suppose -3*u + 3 = 0, 2*k - 1451 = -r*u + 244. Suppose -t = 48 - k. Is t composite?
False
Let k be (-43)/3 + (-12)/18. Let d be (-14*(-5)/k)/(2/(-87)). Suppose 2*h - 325 = -x, 4*h + 3*x - 446 = d. Is h a composite number?
False
Let l be ((-4)/(-10))/((-5608)/(-560) - 10). Suppose 0 = -35*v + l*v + 77105. Is v a composite number?
True
Suppose -2*h + 17248 = -5*y + 7*y, -2*h - y = -17247. Is h composite?
False
Suppose -3*w - 2*g + 22 = -7*g, 0 = 4*w - 2*g - 20. Is (-22060)/50*(-10)/w a composite number?
False
Let f = -1532630 - -3058959. Is f a prime number?
False
Suppose -o = -3*y + 5, 2*y + 0*y + o = -5. Suppose -5*q + 10*q - 2255 = y. Suppose -p + q = -180. Is p prime?
True
Let g = 5 + -39. Let k = 42 + g. Is (-2722)/k*12/(1 - 4) a prime number?
True
Let v be 4758/27 + -3*(-8)/(-108). Let x be (50/8)/(4/v). Let f = x - 74. Is f a composite number?
True
Suppose a - 6094703 = -5*s, -a + 3656821 = -14*s + 17*s. Is s composite?
False
Let i be ((-1)/(-5))/1 - 95/(-25). Suppose a - 1185 = -3*d - 0*d, 4788 = i*a - 4*d. Suppose -b - a = -5*n, 5*n - 5*b = 1088 + 102. Is n prime?
True
Let c(r) = 839*r + 1261. Is c(32) a composite number?
False
Is ((-56)/24 + 2)/(2/(-1*354414)) prime?
True
Is ((-328)/656)/((0 + -1)/(-8)) - -314609 a prime number?
False
Suppose 8 = 4*m - 2*p, 0 = -m - 6*p + p + 24. Let i(r) = -r - 6. Let x be i(-7). Is m - 1865/(-20) - x/4 a prime number?
True
Suppose -1005 = -77*s + 145372. Is s prime?
True
Suppose 0 = -2*y + 5*y - 51. Let k(t) = -t**2 + 19*t - 6. Let c be k(y). Let s = c - -25. Is s a prime number?
True
Is 902310 + (13 + -5 - (-33)/11) a composite number?
True
Let k(i) = -i**2 - 8*i - 21. Suppose q = -5*f + 8 - 40, f - q = -4. Let y be k(f). Let t(d) = -267*d + 34. Is t(y) prime?
True
Suppose -3*w - 18 = -p - 3, 0 = -5*p + 4*w + 42. Suppose a - p*a + 30 = -n, 0 = -4*a + 5*n + 3. Suppose 6*t + 131 = u + a*t, 0 = 5*t - 20. Is u composite?
False
Let o(f) = -f + 10*f**3 - 11 + 11 - 11*f**3. Let z be o(-2). Is 24/40 - (-3224)/z composite?
True
Is 39/78*(-416348)/(-2) composite?
False
Suppose 82*k + 10 = 87*k. Suppose -2*c + 10793 = 3*c - g, k*c + 4*g - 4326 = 0. Is c composite?
True
Suppose k - 1 = -4*f, 2*k - 2 = f + 2*f. Let y(j) = 81*j**2 + 4*j - 5. Let s be y(k). Suppose 537 = o + s. Is o composite?
False
Is 229071 - (85/(-17))/(-2 - (-1)/(-2)) a prime number?
False
Let q be (34 - 16) + (3 - 10). Suppose 5408 = 4*u - 4*r, q*u - 10*u - 1342 = -r. Is u prime?
False
Is 3 + 23/(46/46632) + -8 a prime number?
True
Let o(i) = 2*i**2 - 4*i**3 - 18*i + 5*i**3 + 4*i**2 + 2*i. Let y be o(-8). Suppose 0 = -3*n + 5*s + 8561, 2*n + y*n - 5716 = -s. Is n a composite number?
False
Let l be (4 - 1) + (-62 + -8)/10. Let j(i) = -138*i**3 + 5*i**2 + 11. Is j(l) composite?
False
Let y = 109755 + -67756. Is y prime?
True
Let u = -70 + 73. Suppose -20028 = -15*h + u*h. Is h a prime number?
True
Let u(z) = z**2 + 14*z - 47. Let o be u(-17). Is o/(-6)*(16 - 19)*1499 a composite number?
True
Let f(x) = -x**3 + 22*x**2 - 7*x + 23. Let m be (-95)/(-19) + (1 + -2)*3. Suppose -m*y + 40 = -2. Is f(y) composite?
False
Suppose 81*q - 341585 = 4185829. Is q a composite number?
True
Let r = 181628 - 105397. Is r a prime number?
True
Let t(i) = 7*i + 33. Let c be t(-4). Suppose c*h = 2*o - o + 2107